at is the ten thousands digit of 3359760?
5
What is the units digit of 227764?
4
What is the ten thousands digit of 174484?
7
What is the tens digit of 338078?
7
What is the thousands digit of 2955491?
5
What is the hundreds digit of 770206?
2
What is the units digit of 758446?
6
What is the tens digit of 2211603?
0
What is the hundred thousands digit of 1741430?
7
What is the hundred thousands digit of 400668?
4
What is the hundred thousands digit of 182196?
1
What is the units digit of 2913447?
7
What is the units digit of 5310360?
0
What is the thousands digit of 106680?
6
What is the hundreds digit of 86416?
4
What is the hundreds digit of 3765459?
4
What is the tens digit of 2719959?
5
What is the thousands digit of 2193833?
3
What is the hundreds digit of 34415?
4
What is the hundred thousands digit of 194324?
1
What is the tens digit of 118372?
7
What is the thousands digit of 292924?
2
What is the ten thousands digit of 1829661?
2
What is the hundreds digit of 2788350?
3
What is the units digit of 148455?
5
What is the hundreds digit of 68370?
3
What is the tens digit of 17922353?
5
What is the thousands digit of 850185?
0
What is the tens digit of 8219493?
9
What is the units digit of 493514?
4
What is the tens digit of 1193940?
4
What is the millions digit of 1444840?
1
What is the units digit of 92634?
4
What is the hundred thousands digit of 20407588?
4
What is the hundreds digit of 10523162?
1
What is the hundred thousands digit of 487103?
4
What is the ten thousands digit of 50203?
5
What is the thousands digit of 3592241?
2
What is the thousands digit of 26469185?
9
What is the ten thousands digit of 911709?
1
What is the hundreds digit of 724222?
2
What is the hundreds digit of 17215568?
5
What is the ten thousands digit of 25238744?
3
What is the hundred thousands digit of 6632905?
6
What is the thousands digit of 6397265?
7
What is the ten thousands digit of 257008?
5
What is the thousands digit of 327569?
7
What is the thousands digit of 12508242?
8
What is the hundred thousands digit of 2721423?
7
What is the millions digit of 5924621?
5
What is the units digit of 1055110?
0
What is the tens digit of 1770085?
8
What is the hundred thousands digit of 713933?
7
What is the millions digit of 4107691?
4
What is the hundred thousands digit of 940300?
9
What is the hundreds digit of 405118?
1
What is the units digit of 109666?
6
What is the hundreds digit of 4608464?
4
What is the tens digit of 594143?
4
What is the millions digit of 5081050?
5
What is the units digit of 388071?
1
What is the hundred thousands digit of 184843?
1
What is the ten thousands digit of 1939321?
3
What is the units digit of 99284?
4
What is the units digit of 396358?
8
What is the units digit of 800873?
3
What is the ten thousands digit of 71546?
7
What is the millions digit of 1565099?
1
What is the hundreds digit of 8463207?
2
What is the units digit of 4204157?
7
What is the units digit of 8361909?
9
What is the units digit of 2666234?
4
What is the units digit of 901095?
5
What is the hundreds digit of 9314275?
2
What is the units digit of 24361?
1
What is the hundreds digit of 3472023?
0
What is the hundred thousands digit of 2284179?
2
What is the millions digit of 5995824?
5
What is the hundreds digit of 374013?
0
What is the thousands digit of 309827?
9
What is the millions digit of 1842311?
1
What is the thousands digit of 132332?
2
What is the hundreds digit of 2479476?
4
What is the thousands digit of 215745?
5
What is the hundred thousands digit of 2049107?
0
What is the hundred thousands digit of 349943?
3
What is the millions digit of 2315012?
2
What is the tens digit of 64162?
6
What is the hundred thousands digit of 402271?
4
What is the ten thousands digit of 606146?
0
What is the thousands digit of 242540?
2
What is the units digit of 2740503?
3
What is the tens digit of 183273?
7
What is the ten thousands digit of 178438?
7
What is the hundred thousands digit of 861196?
8
What is the tens digit of 213561?
6
What is the hundred thousands digit of 479865?
4
What is the tens digit of 26631985?
8
What is the millions digit of 3534564?
3
What is the millions digit of 6969541?
6
What is the thousands digit of 3444541?
4
What is the units digit of 6830468?
8
What is the ten thousands digit of 357659?
5
What is the hundred thousands digit of 696631?
6
What is the tens digit of 24032872?
7
What is the hundred thousands digit of 741586?
7
What is the thousands digit of 17983826?
3
What is the tens digit of 183221?
2
What is the millions digit of 2045013?
2
What is the hundreds digit of 405132?
1
What is the units digit of 160975?
5
What is the units digit of 298794?
4
What is the thousands digit of 1070207?
0
What is the ten thousands digit of 16486027?
8
What is the tens digit of 591075?
7
What is the ten thousands digit of 284630?
8
What is the ten thousands digit of 725669?
2
What is the hundreds digit of 13969810?
8
What is the millions digit of 2762191?
2
What is the hundreds digit of 240672?
6
What is the ten thousands digit of 822117?
2
What is the tens digit of 4565?
6
What is the thousands digit of 13017100?
7
What is the ten thousands digit of 393178?
9
What is the thousands digit of 3013682?
3
What is the hundred thousands digit of 4003935?
0
What is the millions digit of 1652080?
1
What is the hundreds digit of 18467?
4
What is the hundred thousands digit of 267634?
2
What is the units digit of 5071?
1
What is the ten thousands digit of 396511?
9
What is the millions digit of 2417148?
2
What is the thousands digit of 258033?
8
What is the ten thousands digit of 276856?
7
What is the millions digit of 2033294?
2
What is the hundreds digit of 482702?
7
What is the hundreds digit of 492110?
1
What is the millions digit of 5644411?
5
What is the hundred thousands digit of 206494?
2
What is the tens digit of 3997945?
4
What is the hundred thousands digit of 2195098?
1
What is the thousands digit of 360762?
0
What is the thousands digit of 89936?
9
What is the tens digit of 236399?
9
What is the tens digit of 19834567?
6
What is the hundred thousands digit of 687231?
6
What is the ten thousands digit of 336386?
3
What is the millions digit of 8586763?
8
What is the tens digit of 110890?
9
What is the units digit of 378920?
0
What is the ten thousands digit of 220342?
2
What is the hundred thousands digit of 7898627?
8
What is the tens digit of 361575?
7
What is the thousands digit of 5344373?
4
What is the units digit of 245157?
7
What is the hundreds digit of 1374360?
3
What is the ten thousands digit of 12336612?
3
What is the thousands digit of 128488?
8
What is the units digit of 6366533?
3
What is the hundreds digit of 77923?
9
What is the hundreds digit of 262?
2
What is the thousands digit of 527548?
7
What is the hundred thousands digit of 3342940?
3
What is the units digit of 34472?
2
What is the units digit of 237368?
8
What is the ten thousands digit of 311770?
1
What is the hundreds digit of 3271762?
7
What is the tens digit of 467447?
4
What is the hundreds digit of 1013703?
7
What is the units digit of 7409187?
7
What is the hundred thousands digit of 249493?
2
What is the units digit of 365313?
3
What is the hundred thousands digit of 280970?
2
What is the ten thousands digit of 2430152?
3
What is the tens digit of 119579?
7
What is the thousands digit of 3283630?
3
What is the tens digit of 452842?
4
What is the hundreds digit of 487029?
0
What is the hundred thousands digit of 152668?
1
What is the thousands digit of 3880987?
0
What is the hundred thousands digit of 190451?
1
What is the hundreds digit of 122234?
2
What is the units digit of 769129?
9
What is the tens digit of 2483376?
7
What is the hundred thousands digit of 197843?
1
What is the thousands digit of 28197321?
7
What is the hundreds digit of 741719?
7
What is the thousands digit of 345551?
5
What is the tens digit of 403872?
7
What is the hundred thousands digit of 400294?
4
What is the thousands digit of 7508181?
8
What is the hundred thousands digit of 512354?
5
What is the hundreds digit of 281187?
1
What is the units digit of 4974145?
5
What is the thousands digit of 595412?
5
What is the thousands digit of 581956?
1
What is the millions digit of 